d 70.
14
Let l be -1 + -2 + 6 + 2. Let x(g) = g**2 - 3*g + 2. Let k be x(l). What is the highest common divisor of k and 24?
12
Suppose 0 = -6*d + d. Suppose d*u - 280 = -5*u. What is the greatest common factor of u and 8?
8
Suppose 9 = f - 15. Let p be 2/2 + 154 + 0. Suppose -3*n - o + 59 = -f, 5*n = -5*o + p. What is the greatest common divisor of n and 13?
13
Suppose -4*l - 2*j + 12 = -2*l, 2*l + 4 = 2*j. Suppose -5*k - 11 - 9 = 0, -2*i - l*k = -6. What is the highest common factor of i and 49?
7
Let b = 0 + 5. Suppose -4*i - 2*f + 86 = 0, -b*i - 5*f = -56 - 54. Calculate the greatest common divisor of 63 and i.
21
Let f = -187 - -215. Calculate the highest common divisor of f and 7.
7
Let s be (-452)/(-6) + (-1)/3. Suppose -5*q + 2*q = -s. Let z be q/3 + (-2)/(-3). Calculate the greatest common factor of 18 and z.
9
Let d(z) = 164*z + 1. Let a be d(-3). Let w = -326 - a. What is the highest common factor of 15 and w?
15
Let y(f) = f**2 + 8*f + 2. Let v be y(-8). Suppose -3*m - v*u = -584, -4*u - u = -20. What is the highest common factor of m and 24?
24
Suppose -2*p = 3*p + 120. Let x be -2*(-4)/(p/(-225)). What is the greatest common divisor of 15 and x?
15
Let q(s) = 3*s**2 - 7*s - 7. Let p = 3 + 2. Let f be q(p). Calculate the highest common factor of f and 11.
11
Suppose -3*r - r + 8 = 0. Suppose -r*t + 6*f = 2*f - 300, f = 3*t - 460. What is the highest common factor of 14 and t?
14
Let w(c) = 2*c - 8. Let f be w(8). Suppose q - f = 6. Let n = 38 - q. Calculate the greatest common factor of n and 16.
8
Let z = -140 - -200. Let w = z + 60. Suppose -5*l + 98 = 23. Calculate the highest common factor of w and l.
15
Suppose 0 = z + z - 16. Let l be (-254)/(-8) - (-1)/4. Calculate the highest common factor of l and z.
8
Suppose 5*a - 5*g - 155 = 0, -4*g + 118 + 1 = 5*a. What is the greatest common divisor of a and 3?
3
Let w be -1*(7 + -2 + -8). What is the highest common divisor of 24 and w?
3
Suppose -r - 4*a = -6*r + 88, 5*a + 25 = 2*r. Let d(y) = -y**3 + 5*y**2 + 5. Let f be d(5). What is the greatest common divisor of r and f?
5
Suppose -3*l + 14 = -2*h, 4*l + h = l + 20. What is the greatest common divisor of l and 4?
2
Let l(u) = 37*u - 1. Let q be l(1). What is the highest common divisor of 9 and q?
9
Let l = 48 - 34. What is the highest common factor of l and 126?
14
Let l be -1 + 5 + (-17)/(-17). Let k be 880/14 - l/(-35). What is the highest common divisor of 9 and k?
9
Let p(s) = -s**3 + 6*s**2 - 4. Let c be p(3). Let b(h) = -5*h + 208. Let j be b(-9). Calculate the highest common factor of j and c.
23
Suppose -20 = 4*d, 0 = 3*p - 2*d - d - 27. Suppose 19 = -f - 2*t + 112, 16 = p*t. Let m be 2/((-2)/(-1)) + 33. Calculate the highest common factor of m and f.
17
Let x(m) = m**2 - m + 7. Let d be x(-7). Calculate the highest common factor of d and 9.
9
Suppose 26 = 3*w + s, 3*w - 45 = -2*w - 2*s. Let v(x) = x + 6. Let d be v(w). Calculate the greatest common divisor of 91 and d.
13
Let n(s) = 2*s**2 - 7*s + 4. Let d be n(4). Suppose 4 = 5*c - 1. Let m = d - c. Calculate the highest common divisor of m and 7.
7
Let b(n) = 3*n - 3. Let d be b(5). Suppose 0 = 5*u - 78 - d. Calculate the highest common factor of u and 18.
18
Let k(g) = -1 - 2*g + 4*g - 6*g. Let z be k(-5). Let o be 1 - ((3 - -1) + -213 + 1). What is the highest common divisor of o and z?
19
Let u = -228 - -388. Let h(d) = 2*d**3 - 3*d**2 - 2*d - 1. Let x be h(3). Calculate the highest common factor of u and x.
20
Let b = 56 - 4. What is the highest common divisor of 130 and b?
26
Let n be 8*-3*47/(-3). Suppose 4*g - 128 = -t + 2*g, 3*t = 2*g + n. Calculate the highest common factor of 18 and t.
18
Suppose -55 = -x - 4*x. Suppose -u + 2*j = 32, 2*u = 3*j - 2*j - 58. Let q = u + 61. Calculate the highest common divisor of x and q.
11
Let x be ((-1)/4)/(6/(-48)). Suppose -x*k - 5 + 21 = 0. Let d(g) = -g**2 + 16. Let p be d(0). What is the greatest common factor of p and k?
8
Suppose 2*q - 4*j = 276, 4*q + 122 = 5*q + 2*j. Calculate the highest common factor of q and 52.
26
Let b = -26 - -31. Suppose -u + 6*u + 3*k - 270 = 0, -5*u - 2*k + 265 = 0. Suppose -4 = -b*a + u. Calculate the highest common divisor of 33 and a.
11
Suppose f - 5 = -2. Suppose 4*l - 49 = -f*k, -2*l = -l - 4*k - 36. Calculate the highest common divisor of l and 64.
16
Let p = -16 - -39. What is the greatest common divisor of 92 and p?
23
Suppose -8 = 3*s - s. Let q be (s + 0)/((-2)/5). What is the greatest common factor of q and 30?
10
Suppose -20 = -10*n + 5*n, 2*n = 3*z + 20. Let o be z/10 + 84/10. Let u(x) = -x + 10. Let l be u(-6). What is the greatest common divisor of l and o?
8
Let r(q) = -4*q + 2. Let s be r(-6). Suppose u + s = 3*x - 50, 0 = -5*x - 4*u + 138. Let t = 57 + 8. Calculate the highest common factor of t and x.
13
Suppose -3*m = -4*r + 35, 5*m + 12 + 18 = r. Calculate the greatest common factor of 35 and r.
5
Let w be (-1 + 2)/(5/90). What is the greatest common divisor of w and 3?
3
Suppose -a - 2*a + 108 = 0. Suppose -8*b = -3*b. Suppose -4*f + 34 = h - b*h, 4*f - 42 = 3*h. Calculate the highest common divisor of f and a.
9
Suppose -4*p = r - 51, -3*p - 3 = -2*p - 5*r. Calculate the highest common factor of p and 8.
4
Let k = -92 - -93. What is the highest common divisor of 8 and k?
1
Suppose -u + 27 = -4. Calculate the greatest common divisor of u and 248.
31
Let z = 22 - 1. Let c(q) = -q**3 + 11*q**2 + 27*q + 1. Let t be c(13). What is the highest common factor of z and t?
7
Suppose -4*m - 2*w = 2*w, w + 6 = -4*m. Let s be 10*(3/3 - m). What is the highest common divisor of s and 20?
10
Let k be (-3)/(3/40)*2. Let t be k/(-48)*(8 - -1). Calculate the highest common factor of 6 and t.
3
Let o(m) = -m**2 + 16*m + 27. Let q be o(17). Calculate the greatest common factor of 20 and q.
10
Let k be (-469)/(-28) - (-2)/8. Calculate the greatest common factor of k and 17.
17
Let w be (8 - -1)/(21/14). Calculate the greatest common divisor of w and 2.
2
Let j(t) = 0 + 2 - 9 + 3*t. Let i be j(7). Let a(l) = l**3 + 5*l**2 - 8*l - 5. Let g be a(-5). What is the greatest common divisor of g and i?
7
Suppose 0 = -0*o + o. Suppose o = -v - v + 126. What is the greatest common divisor of v and 7?
7
Suppose -n - 1 + 7 = 0. Let r = n + -4. Let i be -1 + r*(-6)/(-1). Calculate the highest common divisor of i and 121.
11
Let r(d) = 39*d - 7. Let l be r(5). Let g = l + -92. What is the highest common factor of 12 and g?
12
Let p = 18 - 2. Calculate the greatest common factor of p and 144.
16
Suppose 0 = -4*r - 0*m + m + 202, 4 = 2*m. What is the highest common divisor of r and 459?
51
Suppose -2*i = 2*z - 3*i - 32, 3*z = -2*i + 55. Suppose -2*f = 2*f - 68. Suppose f = -2*u + 3*u. Calculate the highest common divisor of u and z.
17
Let k = -2 - 1. Let z = k - -12. What is the greatest common divisor of 99 and z?
9
Let p = -292 + 452. What is the highest common divisor of 40 and p?
40
Let h(s) = s**2 - 2*s - 4. Let y be h(3). Let x be (-4 - -2) + y + 25. What is the highest common divisor of x and 2?
2
Let r = -12 - -14. Calculate the greatest common factor of 16 and r.
2
Suppose 3*d + 20 = 5*d. Let h = -10 - -15. What is the greatest common factor of d and h?
5
Let d(t) = t**3 + 4*t**2 - 3*t - 1. Let k be d(-4). Suppose -3*m + 0*m = -231. Calculate the greatest common factor of k and m.
11
Let c(r) = -r + 11. Let h be c(8). Suppose -d = h*d - 588. Calculate the highest common divisor of d and 21.
21
Let p be -1*(0 - -19)*-1. Suppose 2*f = 69 + 121. What is the greatest common factor of p and f?
19
Let i be (-21)/(-35) + 102/5. What is the highest common factor of 105 and i?
21
Suppose -2*r = 3*o + o - 4, 3*r - 6 = 5*o. What is the highest common divisor of r and 4?
2
Let h = 10 + -3. Calculate the highest common divisor of 63 and h.
7
Let j(r) = -r**2 - 18*r - 15. Let i be j(-17). What is the highest common factor of i and 7?
1
Suppose 33 = d - 48. Calculate the greatest common factor of 9 and d.
9
Suppose -2 = -3*l + 4. Let q be (0 - l)/(1/(-72)). Calculate the greatest common divisor of q and 18.
18
Suppose -3*o = 15, 0*z - 50 = -5*z - 2*o. Let d be ((-45)/z)/(6/(-16)). Calculate the highest common divisor of 10 and d.
10
Let w be 1 + 4*(29 - -1). Let x = 4 + -6. Let y be ((-4)/(-4))/(x/(-22